-5?
-37251
In base 16, what is 113 - 250b?
-23f8
In base 5, what is -114 + 1220144?
1220030
In base 4, what is -20 - -21323313?
21323233
In base 13, what is -52 - -887c?
882a
In base 15, what is 3b0 + -b?
3a4
In base 10, what is -1 + -360729?
-360730
In base 4, what is -1231 + -1031002?
-1032233
In base 12, what is -3953 + -380?
-4113
In base 16, what is 81 + 49?
ca
In base 9, what is 845100 - 5?
845084
In base 14, what is 53 + 2?
55
In base 2, what is -1111001101 + -1000100?
-10000010001
In base 10, what is 35011 - -4?
35015
In base 7, what is 14236006 - 0?
14236006
In base 10, what is 12 - 5232?
-5220
In base 6, what is 0 - -242210?
242210
In base 6, what is -43354 + 104?
-43250
In base 14, what is -2 + -a134?
-a136
In base 11, what is 11760a8 - -4?
1176101
In base 15, what is -e - c174?
-c183
In base 12, what is 232 + b?
241
In base 5, what is 1320 + 1230?
3100
In base 5, what is 1113303 + -13?
1113240
In base 11, what is 5 - 1326?
-1321
In base 13, what is -569 + 590?
24
In base 16, what is 2e9 - 9c?
24d
In base 12, what is -b33292 - 3?
-b33295
In base 2, what is -110010010 + 1000100110111?
111110100101
In base 2, what is 0 - -10001001011110010?
10001001011110010
In base 8, what is -444014 - 16?
-444032
In base 9, what is -2244 + 538?
-1605
In base 12, what is -1 - -7592?
7591
In base 5, what is -3003 - 24410?
-32413
In base 3, what is -11211001 - -1022?
-11202202
In base 9, what is 403 - 47?
345
In base 9, what is -83147 + 0?
-83147
In base 3, what is -1102212 + -120?
-1110102
In base 14, what is 10 - 29246?
-29236
In base 13, what is 421070 - -4?
421074
In base 7, what is 5 + -1116231?
-1116223
In base 3, what is 1121110200 + 202?
1121111102
In base 16, what is 3f3 + 2d5?
6c8
In base 14, what is 112 - 794?
-682
In base 7, what is -105 - 10450?
-10555
In base 7, what is 10065463 - 5?
10065455
In base 12, what is 3643 - -3?
3646
In base 4, what is -233 + 2320?
2021
In base 9, what is 155041 + -3?
155037
In base 15, what is 4b7 + -cb?
3db
In base 16, what is 2 + -aef2?
-aef0
In base 8, what is -712 - 221?
-1133
In base 5, what is -311034 + 0?
-311034
In base 12, what is 3977 - -4?
397b
In base 7, what is 1254 - -36?
1323
In base 4, what is 32323 - -2120?
101103
In base 14, what is 76b9 - -9?
76c4
In base 6, what is 13342 + 134?
13520
In base 12, what is 0 + 262287?
262287
In base 5, what is 4304 + -113?
4141
In base 11, what is -1 - -5875?
5874
In base 15, what is -198 + -247e?
-2627
In base 12, what is -99 + -54a9?
-5586
In base 3, what is -100 + 10200211122?
10200211022
In base 2, what is -10000000000 + 110100001?
-1001011111
In base 2, what is -10 + -111111100010001100000?
-111111100010001100010
In base 8, what is 6311 + -6?
6303
In base 11, what is 962 - 28?
935
In base 3, what is 22202 + -200102?
-100200
In base 7, what is -202 + -520?
-1022
In base 9, what is -751050 + -4?
-751054
In base 2, what is -10110010100100000 - 101011?
-10110010101001011
In base 6, what is -133 - -310?
133
In base 10, what is -1000 - -604?
-396
In base 10, what is 403099 - 1?
403098
In base 8, what is -23210 - 12?
-23222
In base 6, what is -1240 - 2305?
-3545
In base 4, what is 1233 + -23130131?
-23122232
In base 15, what is a - -2eb3?
2ebd
In base 2, what is 1 + -10110001000010?
-10110001000001
In base 3, what is 22202001122 + -12?
22202001110
In base 12, what is -1 - 23ba62?
-23ba63
In base 8, what is 373 - 15133?
-14540
In base 6, what is -1 - -121343?
121342
In base 12, what is 0 + -5a04?
-5a04
In base 8, what is 6525 - 57?
6446
In base 16, what is 219a - 82?
2118
In base 3, what is -1 + -10210011?
-10210012
In base 5, what is -1 - 22403322?
-22403323
In base 11, what is 210103 - 3?
210100
In base 3, what is 12211120 - 101?
12211012
In base 12, what is -2 + 113b2?
113b0
In base 7, what is -5 - -2236?
2231
In base 10, what is -18 - -39093?
39075
In base 13, what is -1 - -2292c?
2292b
In base 6, what is 14220 - 2551?
11225
In base 9, what is 48 + -35412?
-35353
In base 13, what is -6 + 321?
318
In base 10, what is -2 - 14573?
-14575
In base 5, what is -1124431442 - 10?
-1124432002
In base 14, what is -56295 + 1?
-56294
In base 5, what is 3 - -121303402?
121303410
In base 10, what is -5 + -1374019?
-1374024
In base 2, what is -11100000 - -10011011?
-1000101
In base 6, what is -43 - -335?
252
In base 9, what is -10 - 10226?
-10236
In base 12, what is -2 - 14597?
-14599
In base 14, what is 4 + 2cc64?
2cc68
In base 2, what is 101110 - 10001101000001?
-10001100010011
In base 4, what is 10231 + 20222?
31113
In base 15, what is -38c - -33?
-359
In base 3, what is 10010221 + -10?
10010211
In base 2, what is 100011011100 + -1011010?
100010000010
In base 3, what is 0 - 2001021110022?
-2001021110022
In base 5, what is -1141344 - -4?
-1141340
In base 8, what is -24 + -13250?
-13274
In base 10, what is -9867 - 121?
-9988
In base 9, what is 85324 - -3?
85327
In base 6, what is 10 - 2414442?
-2414432
In base 13, what is 10 + 266c?
267c
In base 4, what is 23211333 + -10?
23211323
In base 9, what is 1471 + -346?
1124
In base 12, what is 82444 - -3?
82447
In base 13, what is -17a1 + -14?
-17b5
In base 16, what is d7 - -269?
340
In base 13, what is 28 - -4632?
465a
In base 15, what is -cbe228 - -1?
-cbe227
In base 12, what is 4 - 5554?
-5550
In base 3, what is 21111 - 11221100?
-11122212
In base 5, what is -10 - -11032324?
11032314
In base 3, what is 11202221 - 122?
11202022
In base 3, what is -1120 + -21211202?
-21220022
In base 15, what is 5 + 42310?
42315
In base 10, what is -2381 - 82?
-2463
In base 8, what is -1 + -2426003?
-2426004
In base 16, what is 7fb4 + 5?
7fb9
In base 6, what is 130 + 404?
534
In base 13, what is -64b8 - 50?
-6538
In base 15, what is -1309a - 4?
-1309e
In base 6, what is -300231153 + 3?
-300231150
In base 3, what is -1100 - -22020?
20220
In base 8, what is -3657 - 131?
-4010
In base 2, what is 1011110101110001 + 11?
1011110101110100
In base 3, what is -112020 - 101010110?
-101122200
In base 4, what is 2023031 + 111?
2023202
In base 15, what is -120 + -334?
-454
In base 11, what is 327 - -13a?
466
In base 7, what is 1 - 21224?
-21223
In base 16, what is 5 - -102d9?
102de
In base 4, what is -23120 - 2101?
-31221
In base 6, what is 53 + 41002?
41055
In base 15, what is -1 - 1d3?
-1d4
In base 14, what is -1 + -111b5?
-111b6
In base 11, what is 20 + -5622?
-5602
In base 10, what is -15 - -540?
525
In base 6, what is -135311 - -41?
-135230
In base 11, what is 22529 - 3?
22526
In base 11, what is 31 - 391?
-360
In base 14, what is -686c9 - -b?
-686bc
In base 2, what is 10000010011011 - -10?
10000010011101
In base 10, what is -8240 + -6?
-8246
In base 11, what is -2076 + 11a?
-1a57
In base 6, what is 124240 - -3?
124243
In base 2, what is 1010000111 + 100110000?
1110110111
In base 15, what is -2472 + b?
-2466
In base 4, what is 2233 - -30?
2323
In base 3, what is -112021121 + 2?
-112021112
In base 4, what is 20233 + -133?
20100
In base 7, what is 63 + -3510?
-3414
In base 15, what is -5 + cb0de?
cb0d9
In base 15, what is 6a - -1e3?
25d
In base 9, what is -2 - -363867?
363865
In base 3, what is -21101111202 + 22?
-21101111110
In base 16, what is -1861a - -1?
-18619
In base 7, what is -3 - 121342?
-121345
In base 4, what is -3323 + 2203221?
2133232
In base 15, what is 2dd + 315?
603
In base 7, what is -1 + 6506440?
6506436
In base 4, what is 11333022312 - 11?
11333022301
In base 16, what is 0 + fa0?
fa0
In base 12, what is -100 - -15a6?
14a6
In base 10, what is -93 - -23?
-70
In base 9, what is -37336 - 4?
-37341
In base 6, what is -5 - 2531124?
-2531133
In base 5, what is 343211 - -134?
343400
In base 8, what is 37 - 2712?
-2653
In base 16, what is -18 + -1feab?
-1fec3
In base 4, what is -1112112 + 11?
-1112101
In base 14, what is 1d7 + 9?
202
In base 12, what is 27 - 31?
-6
In base 7, what is -650624 - 41?
-650665
In base 16, what is 175 - -1bf1?
1d66
In base 11, what is 584 + -402?
182
In base 3, what is -11022000 - 1?
-11022001
In base 4, what is -2322320 + 3?
-2322311
In base 13, what is 88 - 176?
-bb
In base 11, what is 153a5 - -4?
153a9
In base 6, what is 101113 + -331?
100342
In base 2, what is 10 - -101110001101001110001?
101110001101001110011
In base 10, what is 983981 + -1?
983980
In base 15, what is -16 + -29ec?
-2a13
In base 13, what is 0 